*3/3 + 3*i**2. What is f(q)?
-2
Let c(h) = -2*h. Suppose 2*w - 9 = -w. Suppose 3*g + 48 = -w*g. Let i = 4 + g. What is c(i)?
8
Let o(w) be the second derivative of -5*w**4/6 + w**2/2 - 3*w. Let a(u) = 11*u + 21. Let n be a(-2). Determine o(n).
-9
Let z be ((-63)/(-35))/(3/5). Suppose -12 = 3*u - z*k, 0*k + 3*k = 4*u + 15. Let v(i) = i**2 + 3*i - 3. What is v(u)?
-3
Let l(q) = q**3 + 14*q**2 + 2*q + 21. Let w be (1 - -6)/(3/(-6)). Give l(w).
-7
Let n(f) = -f**2 - 27*f + 54. Let w be n(-29). Let d(z) = -10*z - 45. Determine d(w).
-5
Let i(w) be the third derivative of w**6/120 - w**5/30 - w**4/12 + w**3/6 - 3*w**2 + 253*w. Let c = 10 - 2. Let y = -6 + c. What is i(y)?
-3
Let r be -1 + -4*3/(-6). Suppose -o - 26 = -5*k, -2*o - 15 = -4*k + r. Let z(h) = 7 + 0 - h**2 - 2 + 2 - k*h. Calculate z(-5).
12
Let t(r) = -r**3 + 2*r**2 + 5*r - 26. Let c(w) = -w**3 + 5*w - 22. Let k(i) = -4*c(i) + 3*t(i). What is k(-7)?
-4
Suppose -14*k = -9*k + 15. Let h(q) = 0*q**2 + 4*q - 2 + q**2 + 1. Give h(k).
-4
Let y(t) = -2*t + 19. Let d = 481 + -474. Give y(d).
5
Let i(p) be the first derivative of p**6/360 - p**5/20 - 14*p**3/3 + 1. Let g(u) be the third derivative of i(u). What is g(6)?
0
Let b be -15 + 12 + 1*2. Let x = 4 + b. Let t(r) = -r + 2. Calculate t(x).
-1
Let m(b) = b**2 + 3*b. Let x(w) = -11*w + 271. Let h be x(25). What is m(h)?
4
Suppose -5*s + 11 = -4. Let i(x) = 7 - 8 + 0*x - x - s*x**2 + 3*x. Let r(h) = h**2 + h + 1. Let w be r(-1). What is i(w)?
-2
Let y = 48 + -52. Let u(a) = -6*a**2 + a**2 + 5 + 6*a**2 + 4*a. Calculate u(y).
5
Let k(z) = -z**2 + z**2 + 7*z + z**2 + 5. Suppose 11*x + 4030 = 3986. What is k(x)?
-7
Let p(b) = -3*b + 2*b**3 - 11*b**2 + 3 + b**3 + 21 - 2*b**3 + 2. Calculate p(11).
-7
Suppose -255*f - 5 = -13*f + 237. Let d(s) be the third derivative of s**6/40 - s**5/60 + s**3/6 + s**2. What is d(f)?
-3
Let n(z) = 8*z**2 + z + 1. Let u(p) = p. Let f(h) = h. Let w(m) = -4*f(m) + 3*u(m). Let b be w(1). Give n(b).
8
Let a be 0 + 22/33 + (-46)/6. Let j(d) = -d - 2. Give j(a).
5
Let n(g) = 20*g**3 + 10*g**2 - 13*g + 35. Let s(q) = 14*q**3 + 7*q**2 - 9*q + 24. Let h(k) = -5*n(k) + 7*s(k). Determine h(-3).
32
Let w(y) be the second derivative of -y**5/20 - y**4/4 - 9*y**2/2 + 12*y. Let n be w(-4). Let j(p) = p**3 - 7*p**2 - p - 7. Give j(n).
-14
Let v(d) be the second derivative of 2*d**4/3 - d**3/2 + d**2 + 7*d + 16. What is v(1)?
7
Let m(b) = -3*b + 15. Let o be m(4). Let r(y) = -6*y + o*y - y - 5 + 3*y. Give r(-8).
3
Let c(a) = a**3 + 5*a**2 + 6*a + 2. Let u be c(-2). Suppose 2*y + n = -n, u*n = -y - 1. Let o(q) = 5*q**3 + q**2 - 2*q + 1. Calculate o(y).
5
Let a(f) = -f**3 + 4*f**2 - 2*f - 1. Let g be (-1)/(((-8)/28)/2). Suppose g*o = 4*o + 6. Determine a(o).
3
Let c = 10 - 7. Suppose c*q + 3*v = -18, q - 4*q - 2*v = 18. Let z(p) be the third derivative of p**5/60 + p**4/4 + p**3/6 - 6*p**2 - 3. Give z(q).
1
Suppose -v - 2*c - 75 = -0*v, 2*c + 6 = 0. Let l = 72 + v. Let m(p) = p - 7. Determine m(l).
-4
Let o(t) = 2*t**2 - 2*t + 7. Let h(c) = 4*c**2 - 5*c + 13. Let p(r) = -3*h(r) + 5*o(r). Let w = 39 - 36. What is p(w)?
-7
Let h(r) = -r**2 + 5*r - 1. Suppose 0 = u - 2 - 4. Let g be 12/8*4/u. Let y be 2/(g + 1) + 3. Give h(y).
3
Let c(s) = -8*s + 2. Let u be (-6)/4*8/6. Give c(u).
18
Let u(h) = -4*h + 173. Let w be u(43). Let d(r) = 2*r**2. Give d(w).
2
Let o(j) = -5*j**3 + j**2 - 20*j - 17. Let i(g) = 11*g**3 - g**2 + 42*g + 36. Let q(x) = 6*i(x) + 13*o(x). Give q(-7).
51
Let z(o) = -26*o**2 - 3*o + 14. Let y(r) = -8*r**2 - r + 4. Let m(j) = -7*y(j) + 2*z(j). What is m(1)?
5
Let f(w) be the third derivative of w**5/60 + w**4/3 + w**3/3 + 2*w**2. Let c be 5/2*264/55. Suppose 3*u + 30 = c. Calculate f(u).
-10
Let v(a) = -2*a**2 - 6*a + 4. Let y(n) = n - 13. Let b be y(12). Let w be (3 - b) + -4 - 1*5. Give v(w).
-16
Suppose 0 = -0*o + 2*o + u - 4, 5*o - 5*u - 10 = 0. Let d(v) = 2*v + v**2 + 7 - 3*v - 7*v**o + v**3. Suppose 5*f = 15, 3*g - 5*f = 4*g - 21. What is d(g)?
1
Let i(z) be the third derivative of -z**4/12 - 2*z**3/3 + 25*z**2. What is i(2)?
-8
Let g(q) = 2*q + 23. Let l(d) = -d - 12. Let x(y) = -3*g(y) - 5*l(y). Determine x(-4).
-5
Let u(l) = 23*l + 285. Let i be u(-12). Let q(x) = x**2 - 10*x - 6. Give q(i).
-15
Let b(m) = -2*m - 619*m**2 - 4 - 623*m**2 + 1244*m**2. What is b(4)?
20
Let t(m) = -11*m**3 + 22*m**2 + 9*m - 16. Let b(w) = -8*w**3 + 15*w**2 + 6*w - 11. Let h(c) = -7*b(c) + 5*t(c). Determine h(-3).
6
Let g(v) be the third derivative of v**4/24 + v**3/3 - v**2. Let y = -12 + 12. Suppose 3*d - 12 - 6 = y. Give g(d).
8
Let g = 31 - 26. Let s be (g/(-15))/((-3)/18). Let c(j) = 0*j**2 + 2*j**2 - 4*j**2 - 1 - j - j**s. What is c(-1)?
-3
Let u(m) be the second derivative of m**5/20 - m**4/3 - m**3 - 3*m**2/2 + 2*m - 21. Determine u(5).
-8
Let a(l) = l**2 + l. Let q(s) = 3*s**2 + 12*s + 4. Let t(m) = -4*a(m) + q(m). Let p = 2222 - 2214. Calculate t(p).
4
Let w = -162 + 172. Let c(v) be the third derivative of v**5/60 - 3*v**4/8 - 11*v**3/6 + 3*v**2. What is c(w)?
-1
Suppose -2*q + 12 = -5*q. Let v = 10 + q. Let g(o) be the third derivative of o**5/60 - o**4/4 + o**3/3 + 2*o**2. Determine g(v).
2
Let c(j) = j + 7. Let f be c(-6). Let h = 16 - 14. Let s(y) = 0*y + h*y + 1 + 8*y. Give s(f).
11
Let o(s) = -3*s + 0*s - 2*s + s - s**2. Let m be -1 - (-7)/((-14)/4). What is o(m)?
3
Let g(r) = 3*r + 3. Suppose -4*k = -5*k + 7. What is g(k)?
24
Let j(o) be the third derivative of o**4/6 - 13*o**3/6 + o**2 - 25. Give j(9).
23
Let i(c) = -c**2 + 26 - 23 - 11*c - 17. What is i(-8)?
10
Let h(g) = g + 7. Let x = -151 + 141. Calculate h(x).
-3
Let z = -14 - -19. Suppose z*p - 13 + 48 = 0. Let d(k) = -k - 9. Let w be d(p). Let h(i) = 3*i + 1. Determine h(w).
-5
Suppose 0 = 7*d - 32 + 4. Suppose -d*h + 16 = -5*s + 60, -3*s + 19 = 5*h. Let y be -1*10*4/s. Let n(f) = f**3 + 4*f**2 - 5*f + 2. Calculate n(y).
2
Let s(d) = -d**2 - 2*d - 2. Let a = -28 + 48. Suppose 13*j = 8*j - a. Give s(j).
-10
Let c(j) = j - 5. Let l be c(0). Let d(r) be the second derivative of -r**3/3 - 3*r**2 + 106*r - 2. Calculate d(l).
4
Let z(g) = -15*g**3 - 16*g**3 + g**2 + 82*g**3 - 6*g**3. What is z(-1)?
-44
Let g = 11 - 5. Let v(w) = -7*w**2 + 5*w - 10*w + g*w + 5 + w**3 - 2*w. Calculate v(7).
-2
Let j(h) be the second derivative of -h**3/2 - 3*h**2/2 - 8*h + 7. Calculate j(-6).
15
Let v(p) = -8 + 5030*p**3 + 7*p**2 - 2518*p**3 - 2511*p**3. Give v(-6).
28
Let l(u) = -2*u**2 - 9*u + 4. Let z be l(-4). Let k(x) = x - 8. Give k(z).
0
Let x(r) = r**3 - 3*r**2 + 2*r - 3. Let a(t) = 20*t + 41. Let d(k) = -7*k - 14. Let s(f) = -2*a(f) - 7*d(f). Let z be s(-5). Let j = z + 31. Calculate x(j).
-3
Let s be 16/6*(-84)/56. Let i(o) be the third derivative of -o**4/24 + o**3/3 - 2*o**2. Determine i(s).
6
Let v(k) be the third derivative of -1/6*k**3 + 5*k**2 - 1/60*k**5 + 1/8*k**4 + 0 + 0*k. Determine v(4).
-5
Suppose 5*b - 73 = -2*d + 58, 5*b - 5 = 0. Let x = d - 58. Let v(y) = -y**2 + y + 6. Give v(x).
-14
Let t be ((-4)/6)/((-8)/(-12))*14. Let a be 160/76 + t/133. Let d(z) = -3*z**2 + 2*z - z**2 - 1 + z**3 + 2. Determine d(a).
-3
Let s(k) be the first derivative of k**2 - 2*k - 6. Let f be s(-1). Let w(h) = -17*h - 8. Let i(l) = -4*l - 2. Let u(o) = 26*i(o) - 6*w(o). Calculate u(f).
4
Suppose -5*w - 5*s = -15, 4*w + 2*s = -3*s + 12. Suppose 0*x + 12 = w*x. Let z(b) = b - 4. Determine z(x).
0
Let x(d) = -5*d**3 - d**3 + 53*d + 2*d**3 + 10*d**2 + 7 + 3*d**3 - 44*d. What is x(11)?
-15
Let n(u) = 2*u**2 - u. Let y(c) = -4*c**3 - 10*c**2 + 4*c + 1. Let m(b) = 6*n(b) + y(b). Calculate m(1).
-3
Suppose -4*r - 6*r = 0. Let c be -3 + (3 + -4 - (-1 - r)). Let g(w) = -3*w + 2 + 4*w + 0*w. Calculate g(c).
-1
Let z(j) = 9*j**3 - 15*j**2 - 3*j + 6. Let c(f) = 5*f**3 - 8*f**2 - 2*f + 3. Let h(v) = 11*c(v) - 6*z(v). Suppose 23*g + 21 = -48. What is h(g)?
0
Let m(q) = -27*q**2 + q**3 + 22*q**2 + 0 + 2. Suppose 3*j - 5 = -5*u, 2*j - 6 = -u + 2. Calculate m(j).
2
Let b(m) = -m**2 - m - 13. Let o(u) = -u**3 - u**2 + 3*u + 3. Suppose 3*j + 3 = -3. Let y be o(j). Let p be -2 + 3 + -2 + y. Calculate b(p).
-13
Let y = 35 - 18. Suppose 0 = 3*q + 4*a - 2*a - y, 5*q + a - 19 = 0. Suppose -5*w - 4*x = -18, -q = -5*w - x + 9. Let h(n) = n**3 - n**2 - 2*n. Give h(w).
0
Let h(r) = -r + 4. Let f = 37 + -7.